{"id":110,"date":"2016-10-11T09:24:34","date_gmt":"2016-10-11T07:24:34","guid":{"rendered":"http:\/\/sonnenschein-wertingen.de\/?page_id=110"},"modified":"2025-07-29T10:11:40","modified_gmt":"2025-07-29T08:11:40","slug":"essen","status":"publish","type":"page","link":"https:\/\/sonnenschein-wertingen.de\/?page_id=110","title":{"rendered":"Essen"},"content":{"rendered":"\t\t<div data-elementor-type=\"wp-post\" data-elementor-id=\"110\" class=\"elementor elementor-110\">\n\t\t\t\t\t\t<div class=\"elementor-inner\">\n\t\t\t\t<div class=\"elementor-section-wrap\">\n\t\t\t\t\t\t\t\t\t<section class=\"elementor-section elementor-top-section elementor-element elementor-element-iiejxub elementor-section-boxed elementor-section-height-default elementor-section-height-default\" data-id=\"iiejxub\" data-element_type=\"section\">\n\t\t\t\t\t\t<div class=\"elementor-container elementor-column-gap-default\">\n\t\t\t\t\t\t\t<div class=\"elementor-row\">\n\t\t\t\t\t<div class=\"elementor-column elementor-col-100 elementor-top-column elementor-element elementor-element-tqngizz\" data-id=\"tqngizz\" data-element_type=\"column\">\n\t\t\t<div class=\"elementor-column-wrap elementor-element-populated\">\n\t\t\t\t\t\t\t<div class=\"elementor-widget-wrap\">\n\t\t\t\t\t\t<div class=\"elementor-element elementor-element-ejq1yf6 elementor-widget elementor-widget-heading\" data-id=\"ejq1yf6\" data-element_type=\"widget\" data-widget_type=\"heading.default\">\n\t\t\t\t<div class=\"elementor-widget-container\">\n\t\t\t<p class=\"elementor-heading-title elementor-size-default\">Gesunde Brotzeit<\/p>\t\t<\/div>\n\t\t\t\t<\/div>\n\t\t\t\t<div class=\"elementor-element elementor-element-5bund4z gallery-spacing-custom elementor-widget elementor-widget-image-gallery\" data-id=\"5bund4z\" data-element_type=\"widget\" data-widget_type=\"image-gallery.default\">\n\t\t\t\t<div class=\"elementor-widget-container\">\n\t\t\t\t\t<div class=\"elementor-image-gallery\">\n\t\t\t<div id='gallery-1' class='gallery galleryid-110 gallery-columns-4 gallery-size-blog-medium'><figure class='gallery-item'>\n\t\t\t<div class='gallery-icon landscape'>\n\t\t\t\t<img width=\"306\" height=\"205\" src=\"https:\/\/sonnenschein-wertingen.de\/wp-content\/uploads\/2016\/10\/IMG_4159-306x205.jpg\" class=\"attachment-blog-medium size-blog-medium\" alt=\"\" loading=\"lazy\" \/>\n\t\t\t<\/div><\/figure><figure class='gallery-item'>\n\t\t\t<div class='gallery-icon portrait'>\n\t\t\t\t<img width=\"306\" height=\"205\" src=\"https:\/\/sonnenschein-wertingen.de\/wp-content\/uploads\/2016\/10\/1-306x205.jpg\" class=\"attachment-blog-medium size-blog-medium\" alt=\"\" loading=\"lazy\" \/>\n\t\t\t<\/div><\/figure><figure class='gallery-item'>\n\t\t\t<div class='gallery-icon landscape'>\n\t\t\t\t<img width=\"306\" height=\"205\" src=\"https:\/\/sonnenschein-wertingen.de\/wp-content\/uploads\/2016\/10\/2-306x205.jpg\" class=\"attachment-blog-medium size-blog-medium\" alt=\"\" loading=\"lazy\" \/>\n\t\t\t<\/div><\/figure><figure class='gallery-item'>\n\t\t\t<div class='gallery-icon landscape'>\n\t\t\t\t<img width=\"306\" height=\"205\" src=\"https:\/\/sonnenschein-wertingen.de\/wp-content\/uploads\/2016\/10\/3-306x205.jpg\" class=\"attachment-blog-medium size-blog-medium\" alt=\"\" loading=\"lazy\" \/>\n\t\t\t<\/div><\/figure>\n\t\t<\/div>\n\t\t<\/div>\n\t\t\t\t<\/div>\n\t\t\t\t<\/div>\n\t\t\t\t<div class=\"elementor-element elementor-element-5do8do1 elementor-widget elementor-widget-text-editor\" data-id=\"5do8do1\" data-element_type=\"widget\" data-widget_type=\"text-editor.default\">\n\t\t\t\t<div class=\"elementor-widget-container\">\n\t\t\t\t\t\t\t\t<div class=\"elementor-text-editor elementor-clearfix\">\n\t\t\t\t<p><span style=\"color: #000000; font-family: georgia, palatino, serif; font-size: 12pt;\">W\u00e4hrend der Freispielzeit entscheidet Ihr Kind selbst, wann und wieviel es essen m\u00f6chte. Jedes Kind sucht sich sein Getr\u00e4nk aus und schenkt sich ein. An unserem Brotzeittisch macht es Spa\u00df mit Freunden zu essen. Bevor es wieder zum Spielen geht, wird noch gesp\u00fclt und der Platz f\u00fcr den n\u00e4chsten Hungrigen gedeckt. Nat\u00fcrlich legen wir Wert auf Tischsitten.<\/span><br><span style=\"color: #000000; font-family: georgia, palatino, serif; font-size: 12pt;\"> Bitte geben Sie Ihrem Kind eine abwechslungsreiche und nahrhafte Brotzeit mit in die Kindertagesst\u00e4tte.<\/span><\/p>\n<p><span style=\"color: #000000; font-family: georgia, palatino, serif; font-size: 12pt;\">Bei Festen und Geburtstagsfeiern sitzen wir gemeinsam an der sch\u00f6n gedeckten Tafel, z\u00fcnden Kerzen an, singen und essen zusammen.<\/span><br><span style=\"color: #000000; font-family: georgia, palatino, serif; font-size: 12pt;\"><br><\/span><\/p>\n<p><span style=\"color: #000000; font-family: georgia, palatino, serif; font-size: 12pt;\">Getr\u00e4nke: Ihrem Kind stehen den ganzen Tag verschiedene Getr\u00e4nke zur Verf\u00fcgung (Wasser, Saft, Tee). Das Getr\u00e4nkegeld wird mit dem Betrag abgebucht.<\/span><br><span style=\"color: #000000; font-family: georgia, palatino, serif; font-size: 12pt;\"><br><\/span><\/p>\n<p><span style=\"color: #000000; font-family: georgia, palatino, serif; font-size: 12pt;\">Mittagessen: Nach Bedarf k\u00f6nnen Sie f\u00fcr ihr Kind ein Mittagessen bestellen (auch nur an einzelnen Tagen in der Woche). Wir achten bei der Auswahl auf eine ausgewogene und gesunde Ern\u00e4hrung. Wir werden beliefert von der Fernk\u00fcche Forster in Aindling (Spezialist f\u00fcr Kindergarten- und Schulverpflegung).<\/span><br><span style=\"color: #000000; font-family: georgia, palatino, serif; font-size: 12pt;\"> Preis pro Essen: 4,40 \u20ac (KIGA) und 4,50 \u20ac (HORT)<\/span><\/p>\n<p><span style=\"color: #000000; font-family: georgia, palatino, serif; font-size: 12pt;\">Schulfrucht \u2013 wir sind dabei! Unsere Einrichtung nimmt am europ\u00e4ischen \u201eSchulobst- und Gem\u00fcseprogramm\u201c mit finanzieller Unterst\u00fctzung der Europ\u00e4ischen Gemeinschaft teil. Das hei\u00dft: Einmal in der Woche bekommen Ihre Kinder umsonst Gem\u00fcse, Obst und Milch in den Kindergarten geliefert. Wir arbeiten mit der rollenden Gem\u00fcsekiste aus Augsburg zusammen.<\/span><\/p>\t\t\t\t\t<\/div>\n\t\t\t\t\t\t<\/div>\n\t\t\t\t<\/div>\n\t\t\t\t\t\t<\/div>\n\t\t\t\t\t<\/div>\n\t\t<\/div>\n\t\t\t\t\t\t\t\t<\/div>\n\t\t\t\t\t<\/div>\n\t\t<\/section>\n\t\t\t\t\t\t\t\t\t<\/div>\n\t\t\t<\/div>\n\t\t\t\t\t<\/div>\n\t\t","protected":false},"excerpt":{"rendered":"<p>Gesunde Brotzeit W\u00e4hrend der Freispielzeit entscheidet Ihr Kind selbst, wann und wieviel es essen m\u00f6chte. Jedes Kind sucht sich sein Getr\u00e4nk aus und schenkt sich ein. An unserem Brotzeittisch macht es Spa\u00df mit Freunden zu essen. Bevor es wieder zum&hellip; <\/p>\n","protected":false},"author":1,"featured_media":0,"parent":0,"menu_order":0,"comment_status":"closed","ping_status":"closed","template":"","meta":[],"_links":{"self":[{"href":"https:\/\/sonnenschein-wertingen.de\/index.php?rest_route=\/wp\/v2\/pages\/110"}],"collection":[{"href":"https:\/\/sonnenschein-wertingen.de\/index.php?rest_route=\/wp\/v2\/pages"}],"about":[{"href":"https:\/\/sonnenschein-wertingen.de\/index.php?rest_route=\/wp\/v2\/types\/page"}],"author":[{"embeddable":true,"href":"https:\/\/sonnenschein-wertingen.de\/index.php?rest_route=\/wp\/v2\/users\/1"}],"replies":[{"embeddable":true,"href":"https:\/\/sonnenschein-wertingen.de\/index.php?rest_route=%2Fwp%2Fv2%2Fcomments&post=110"}],"version-history":[{"count":37,"href":"https:\/\/sonnenschein-wertingen.de\/index.php?rest_route=\/wp\/v2\/pages\/110\/revisions"}],"predecessor-version":[{"id":2264,"href":"https:\/\/sonnenschein-wertingen.de\/index.php?rest_route=\/wp\/v2\/pages\/110\/revisions\/2264"}],"wp:attachment":[{"href":"https:\/\/sonnenschein-wertingen.de\/index.php?rest_route=%2Fwp%2Fv2%2Fmedia&parent=110"}],"curies":[{"name":"wp","href":"https:\/\/api.w.org\/{rel}","templated":true}]}}