{"id":114,"date":"2016-10-11T09:24:55","date_gmt":"2016-10-11T07:24:55","guid":{"rendered":"http:\/\/sonnenschein-wertingen.de\/?page_id=114"},"modified":"2025-02-05T12:36:54","modified_gmt":"2025-02-05T11:36:54","slug":"anmeldung","status":"publish","type":"page","link":"https:\/\/sonnenschein-wertingen.de\/?page_id=114","title":{"rendered":"Anmeldung"},"content":{"rendered":"\t\t<div data-elementor-type=\"wp-post\" data-elementor-id=\"114\" class=\"elementor elementor-114\">\n\t\t\t\t\t\t<div class=\"elementor-inner\">\n\t\t\t\t<div class=\"elementor-section-wrap\">\n\t\t\t\t\t\t\t\t\t<section class=\"elementor-section elementor-top-section elementor-element elementor-element-zl1gv27 elementor-section-boxed elementor-section-height-default elementor-section-height-default\" data-id=\"zl1gv27\" data-element_type=\"section\">\n\t\t\t\t\t\t<div class=\"elementor-container elementor-column-gap-default\">\n\t\t\t\t\t\t\t<div class=\"elementor-row\">\n\t\t\t\t\t<div class=\"elementor-column elementor-col-50 elementor-top-column elementor-element elementor-element-vmw2eez\" data-id=\"vmw2eez\" data-element_type=\"column\">\n\t\t\t<div class=\"elementor-column-wrap elementor-element-populated\">\n\t\t\t\t\t\t\t<div class=\"elementor-widget-wrap\">\n\t\t\t\t\t\t<div class=\"elementor-element elementor-element-lsdjbqa image-border elementor-widget elementor-widget-image\" data-id=\"lsdjbqa\" data-element_type=\"widget\" data-widget_type=\"image.default\">\n\t\t\t\t<div class=\"elementor-widget-container\">\n\t\t\t\t\t\t\t\t<div class=\"elementor-image\">\n\t\t\t\t\t\t\t\t\t\t\t\t<img width=\"642\" height=\"428\" src=\"https:\/\/sonnenschein-wertingen.de\/wp-content\/uploads\/2016\/10\/IMG_2158-1024x683.jpg\" class=\"attachment-large size-large\" alt=\"\" loading=\"lazy\" srcset=\"https:\/\/sonnenschein-wertingen.de\/wp-content\/uploads\/2016\/10\/IMG_2158-1024x683.jpg 1024w, https:\/\/sonnenschein-wertingen.de\/wp-content\/uploads\/2016\/10\/IMG_2158-300x200.jpg 300w, https:\/\/sonnenschein-wertingen.de\/wp-content\/uploads\/2016\/10\/IMG_2158-768x512.jpg 768w, https:\/\/sonnenschein-wertingen.de\/wp-content\/uploads\/2016\/10\/IMG_2158-306x205.jpg 306w\" sizes=\"(max-width: 642px) 100vw, 642px\" \/>\t\t\t\t\t\t\t\t\t\t\t\t\t\t<\/div>\n\t\t\t\t\t\t<\/div>\n\t\t\t\t<\/div>\n\t\t\t\t\t\t<\/div>\n\t\t\t\t\t<\/div>\n\t\t<\/div>\n\t\t\t\t<div class=\"elementor-column elementor-col-50 elementor-top-column elementor-element elementor-element-gtzfe4x\" data-id=\"gtzfe4x\" data-element_type=\"column\">\n\t\t\t<div class=\"elementor-column-wrap elementor-element-populated\">\n\t\t\t\t\t\t\t<div class=\"elementor-widget-wrap\">\n\t\t\t\t\t\t<div class=\"elementor-element elementor-element-ms3wlvy elementor-widget elementor-widget-text-editor\" data-id=\"ms3wlvy\" data-element_type=\"widget\" data-widget_type=\"text-editor.default\">\n\t\t\t\t<div class=\"elementor-widget-container\">\n\t\t\t\t\t\t\t\t<div class=\"elementor-text-editor elementor-clearfix\">\n\t\t\t\t<p style=\"text-align: justify;\"><span style=\"color: #9fdd3b; font-family: georgia, palatino, serif; font-size: 12pt;\"><strong>\u201e<span style=\"font-size: 18pt;\">E<\/span>twas Neues beginnt&#8220;<\/strong><\/span><\/p><p><span style=\"color: #333333; font-family: georgia, palatino, serif; font-size: 12pt;\">&#8222;Kinder und Eltern kommen in den Kindergarten\u201c<\/span><br \/><span style=\"color: #333333; font-family: georgia, palatino, serif; font-size: 12pt;\"> Sch\u00f6n, dass Sie sich f\u00fcr das Kinderhaus Sonnenschein interessieren und \u00fcberlegen, Ihr Kind bei uns anzumelden.\u00a0<\/span><\/p>\t\t\t\t\t<\/div>\n\t\t\t\t\t\t<\/div>\n\t\t\t\t<\/div>\n\t\t\t\t\t\t<\/div>\n\t\t\t\t\t<\/div>\n\t\t<\/div>\n\t\t\t\t\t\t\t\t<\/div>\n\t\t\t\t\t<\/div>\n\t\t<\/section>\n\t\t\t\t<section class=\"elementor-section elementor-top-section elementor-element elementor-element-ol3cmvu elementor-section-boxed elementor-section-height-default elementor-section-height-default\" data-id=\"ol3cmvu\" data-element_type=\"section\">\n\t\t\t\t\t\t<div class=\"elementor-container elementor-column-gap-default\">\n\t\t\t\t\t\t\t<div class=\"elementor-row\">\n\t\t\t\t\t<div class=\"elementor-column elementor-col-100 elementor-top-column elementor-element elementor-element-stoho1f\" data-id=\"stoho1f\" data-element_type=\"column\">\n\t\t\t<div class=\"elementor-column-wrap elementor-element-populated\">\n\t\t\t\t\t\t\t<div class=\"elementor-widget-wrap\">\n\t\t\t\t\t\t<div class=\"elementor-element elementor-element-a826a26 elementor-widget elementor-widget-text-editor\" data-id=\"a826a26\" data-element_type=\"widget\" data-widget_type=\"text-editor.default\">\n\t\t\t\t<div class=\"elementor-widget-container\">\n\t\t\t\t\t\t\t\t<div class=\"elementor-text-editor elementor-clearfix\">\n\t\t\t\t<p><span style=\"font-family: georgia, palatino, serif; font-size: 12pt; color: #000000;\">Falls Sie sich noch unsicher sind, ob unser Haus das Richtige f\u00fcr Ihr Kind und Sie ist, laden wir sie herzlich ein, auf unserer <strong>Kinderhaus-Homepage<\/strong> in den verschiedenen Rubriken zu schm\u00f6kern und uns dabei n\u00e4her kennen zu lernen.\u00a0<\/span><\/p><p><span style=\"font-family: georgia, palatino, serif; font-size: 12pt; color: #000000;\">Weiterhin finden Sie in unserem <strong>Kinderhausflyer<\/strong> Informationen zur Anmeldefrist, Geb\u00fchrensatzung, etc., den Sie durch Klicken auf untenstehende PDF-Datei sichten k\u00f6nnen.<\/span><\/p><p><a href=\"https:\/\/www.wertingen.de\/download\/323\/sonnenschein\/13697\/betreuungszeiten-und-gebuehren-ab-01-01-2025.pdf\">Flyer Jan. 2025<\/a><\/p>\t\t\t\t\t<\/div>\n\t\t\t\t\t\t<\/div>\n\t\t\t\t<\/div>\n\t\t\t\t<div class=\"elementor-element elementor-element-vb4cjf4 elementor-widget elementor-widget-text-editor\" data-id=\"vb4cjf4\" data-element_type=\"widget\" data-widget_type=\"text-editor.default\">\n\t\t\t\t<div class=\"elementor-widget-container\">\n\t\t\t\t\t\t\t\t<div class=\"elementor-text-editor elementor-clearfix\">\n\t\t\t\t<p><span style=\"font-family: georgia, palatino, serif; font-size: 12pt; color: #000000;\">Bei weiteren, aufkommenden Fragen oder Bedenken k\u00f6nnen Sie jederzeit mit der <strong>Kinderhausleiterin Fr. Jettenberger<\/strong> telefonisch oder per E-Mail Kontakt aufnehmen, die sich f\u00fcr Sie Zeit nehmen wird, um alle Ihre Anliegen zu kl\u00e4ren.\u00a0<\/span><\/p><p style=\"text-align: center;\">\u00a0<\/p><p><span style=\"color: #000000; font-size: 12pt; font-family: georgia, palatino, serif;\">Falls Sie Ihr Kind w\u00e4hrend des laufenden Kiha-Jahres anmelden wollen, wenden Sie sich bitte direkt an Fr. Jettenberger telefonisch oder per E-Mail.<\/span><\/p><p><em><span style=\"font-family: georgia, palatino, serif; font-size: 14pt; color: #000000;\">Wir freuen uns, wenn wir Sie und ihr Kind schon bald in unserem Kinderhaus pers\u00f6nlich begr\u00fc\u00dfen d\u00fcrfen!<\/span><\/em><\/p>\t\t\t\t\t<\/div>\n\t\t\t\t\t\t<\/div>\n\t\t\t\t<\/div>\n\t\t\t\t\t\t<\/div>\n\t\t\t\t\t<\/div>\n\t\t<\/div>\n\t\t\t\t\t\t\t\t<\/div>\n\t\t\t\t\t<\/div>\n\t\t<\/section>\n\t\t\t\t<section class=\"elementor-section elementor-top-section elementor-element elementor-element-mzjfrs3 elementor-section-boxed elementor-section-height-default elementor-section-height-default\" data-id=\"mzjfrs3\" data-element_type=\"section\">\n\t\t\t\t\t\t<div class=\"elementor-container elementor-column-gap-default\">\n\t\t\t\t\t\t\t<div class=\"elementor-row\">\n\t\t\t\t\t<div class=\"elementor-column elementor-col-100 elementor-top-column elementor-element elementor-element-y4efyq1\" data-id=\"y4efyq1\" data-element_type=\"column\">\n\t\t\t<div class=\"elementor-column-wrap\">\n\t\t\t\t\t\t\t<div class=\"elementor-widget-wrap\">\n\t\t\t\t\t\t\t\t<\/div>\n\t\t\t\t\t<\/div>\n\t\t<\/div>\n\t\t\t\t\t\t\t\t<\/div>\n\t\t\t\t\t<\/div>\n\t\t<\/section>\n\t\t\t\t\t\t\t\t\t<\/div>\n\t\t\t<\/div>\n\t\t\t\t\t<\/div>\n\t\t","protected":false},"excerpt":{"rendered":"<p>\u201eEtwas Neues beginnt&#8220; &#8222;Kinder und Eltern kommen in den Kindergarten\u201c Sch\u00f6n, dass Sie sich f\u00fcr das Kinderhaus Sonnenschein interessieren und \u00fcberlegen, Ihr Kind bei uns anzumelden.\u00a0 Falls Sie sich noch unsicher sind, ob unser Haus das Richtige f\u00fcr Ihr Kind&hellip; <\/p>\n","protected":false},"author":1,"featured_media":0,"parent":0,"menu_order":0,"comment_status":"closed","ping_status":"closed","template":"","meta":[],"_links":{"self":[{"href":"https:\/\/sonnenschein-wertingen.de\/index.php?rest_route=\/wp\/v2\/pages\/114"}],"collection":[{"href":"https:\/\/sonnenschein-wertingen.de\/index.php?rest_route=\/wp\/v2\/pages"}],"about":[{"href":"https:\/\/sonnenschein-wertingen.de\/index.php?rest_route=\/wp\/v2\/types\/page"}],"author":[{"embeddable":true,"href":"https:\/\/sonnenschein-wertingen.de\/index.php?rest_route=\/wp\/v2\/users\/1"}],"replies":[{"embeddable":true,"href":"https:\/\/sonnenschein-wertingen.de\/index.php?rest_route=%2Fwp%2Fv2%2Fcomments&post=114"}],"version-history":[{"count":78,"href":"https:\/\/sonnenschein-wertingen.de\/index.php?rest_route=\/wp\/v2\/pages\/114\/revisions"}],"predecessor-version":[{"id":2205,"href":"https:\/\/sonnenschein-wertingen.de\/index.php?rest_route=\/wp\/v2\/pages\/114\/revisions\/2205"}],"wp:attachment":[{"href":"https:\/\/sonnenschein-wertingen.de\/index.php?rest_route=%2Fwp%2Fv2%2Fmedia&parent=114"}],"curies":[{"name":"wp","href":"https:\/\/api.w.org\/{rel}","templated":true}]}}

<div data-elementor-type="wp-post" data-elementor-id="114" class="elementor elementor-114">
						<div class="elementor-inner">
				<div class="elementor-section-wrap">
									<section class="elementor-section elementor-top-section elementor-element elementor-element-zl1gv27 elementor-section-boxed elementor-section-height-default elementor-section-height-default" data-id="zl1gv27" data-element_type="section">
						<div class="elementor-container elementor-column-gap-default">
							<div class="elementor-row">
					<div class="elementor-column elementor-col-50 elementor-top-column elementor-element elementor-element-vmw2eez" data-id="vmw2eez" data-element_type="column">
			<div class="elementor-column-wrap elementor-element-populated">
							<div class="elementor-widget-wrap">
						<div class="elementor-element elementor-element-lsdjbqa image-border elementor-widget elementor-widget-image" data-id="lsdjbqa" data-element_type="widget" data-widget_type="image.default">
				<div class="elementor-widget-container">
								<div class="elementor-image">
												<img width="642" height="428" src="https://sonnenschein-wertingen.de/wp-content/uploads/2016/10/IMG_2158-1024x683.jpg" class="attachment-large size-large" alt="" loading="lazy" srcset="https://sonnenschein-wertingen.de/wp-content/uploads/2016/10/IMG_2158-1024x683.jpg 1024w, https://sonnenschein-wertingen.de/wp-content/uploads/2016/10/IMG_2158-300x200.jpg 300w, https://sonnenschein-wertingen.de/wp-content/uploads/2016/10/IMG_2158-768x512.jpg 768w, https://sonnenschein-wertingen.de/wp-content/uploads/2016/10/IMG_2158-306x205.jpg 306w" sizes="(max-width: 642px) 100vw, 642px" />														</div>
						</div>
				</div>
						</div>
					</div>
		</div>
				<div class="elementor-column elementor-col-50 elementor-top-column elementor-element elementor-element-gtzfe4x" data-id="gtzfe4x" data-element_type="column">
			<div class="elementor-column-wrap elementor-element-populated">
							<div class="elementor-widget-wrap">
						<div class="elementor-element elementor-element-ms3wlvy elementor-widget elementor-widget-text-editor" data-id="ms3wlvy" data-element_type="widget" data-widget_type="text-editor.default">
				<div class="elementor-widget-container">
								<div class="elementor-text-editor elementor-clearfix">
				<p style="text-align: justify;"><span style="color: #9fdd3b; font-family: georgia, palatino, serif; font-size: 12pt;"><strong>„<span style="font-size: 18pt;">E</span>twas Neues beginnt&#8220;</strong></span></p><p><span style="color: #333333; font-family: georgia, palatino, serif; font-size: 12pt;">&#8222;Kinder und Eltern kommen in den Kindergarten“</span><br /><span style="color: #333333; font-family: georgia, palatino, serif; font-size: 12pt;"> Schön, dass Sie sich für das Kinderhaus Sonnenschein interessieren und überlegen, Ihr Kind bei uns anzumelden. </span></p>					</div>
						</div>
				</div>
						</div>
					</div>
		</div>
								</div>
					</div>
		</section>
				<section class="elementor-section elementor-top-section elementor-element elementor-element-ol3cmvu elementor-section-boxed elementor-section-height-default elementor-section-height-default" data-id="ol3cmvu" data-element_type="section">
						<div class="elementor-container elementor-column-gap-default">
							<div class="elementor-row">
					<div class="elementor-column elementor-col-100 elementor-top-column elementor-element elementor-element-stoho1f" data-id="stoho1f" data-element_type="column">
			<div class="elementor-column-wrap elementor-element-populated">
							<div class="elementor-widget-wrap">
						<div class="elementor-element elementor-element-a826a26 elementor-widget elementor-widget-text-editor" data-id="a826a26" data-element_type="widget" data-widget_type="text-editor.default">
				<div class="elementor-widget-container">
								<div class="elementor-text-editor elementor-clearfix">
				<p><span style="font-family: georgia, palatino, serif; font-size: 12pt; color: #000000;">Falls Sie sich noch unsicher sind, ob unser Haus das Richtige für Ihr Kind und Sie ist, laden wir sie herzlich ein, auf unserer <strong>Kinderhaus-Homepage</strong> in den verschiedenen Rubriken zu schmökern und uns dabei näher kennen zu lernen. </span></p><p><span style="font-family: georgia, palatino, serif; font-size: 12pt; color: #000000;">Weiterhin finden Sie in unserem <strong>Kinderhausflyer</strong> Informationen zur Anmeldefrist, Gebührensatzung, etc., den Sie durch Klicken auf untenstehende PDF-Datei sichten können.</span></p><p><a href="https://www.wertingen.de/download/323/sonnenschein/13697/betreuungszeiten-und-gebuehren-ab-01-01-2025.pdf">Flyer Jan. 2025</a></p>					</div>
						</div>
				</div>
				<div class="elementor-element elementor-element-vb4cjf4 elementor-widget elementor-widget-text-editor" data-id="vb4cjf4" data-element_type="widget" data-widget_type="text-editor.default">
				<div class="elementor-widget-container">
								<div class="elementor-text-editor elementor-clearfix">
				<p><span style="font-family: georgia, palatino, serif; font-size: 12pt; color: #000000;">Bei weiteren, aufkommenden Fragen oder Bedenken können Sie jederzeit mit der <strong>Kinderhausleiterin Fr. Jettenberger</strong> telefonisch oder per E-Mail Kontakt aufnehmen, die sich für Sie Zeit nehmen wird, um alle Ihre Anliegen zu klären. </span></p><p style="text-align: center;"> </p><p><span style="color: #000000; font-size: 12pt; font-family: georgia, palatino, serif;">Falls Sie Ihr Kind während des laufenden Kiha-Jahres anmelden wollen, wenden Sie sich bitte direkt an Fr. Jettenberger telefonisch oder per E-Mail.</span></p><p><em><span style="font-family: georgia, palatino, serif; font-size: 14pt; color: #000000;">Wir freuen uns, wenn wir Sie und ihr Kind schon bald in unserem Kinderhaus persönlich begrüßen dürfen!</span></em></p>					</div>
						</div>
				</div>
						</div>
					</div>
		</div>
								</div>
					</div>
		</section>
				<section class="elementor-section elementor-top-section elementor-element elementor-element-mzjfrs3 elementor-section-boxed elementor-section-height-default elementor-section-height-default" data-id="mzjfrs3" data-element_type="section">
						<div class="elementor-container elementor-column-gap-default">
							<div class="elementor-row">
					<div class="elementor-column elementor-col-100 elementor-top-column elementor-element elementor-element-y4efyq1" data-id="y4efyq1" data-element_type="column">
			<div class="elementor-column-wrap">
							<div class="elementor-widget-wrap">
								</div>
					</div>
		</div>
								</div>
					</div>
		</section>
									</div>
			</div>
					</div>

<p>„Etwas Neues beginnt&#8220; &#8222;Kinder und Eltern kommen in den Kindergarten“ Schön, dass Sie sich für das Kinderhaus Sonnenschein interessieren und überlegen, Ihr Kind bei uns anzumelden.  Falls Sie sich noch unsicher sind, ob unser Haus das Richtige für Ihr Kind&hellip; </p>
